{"id":439,"date":"2024-10-07T11:04:39","date_gmt":"2024-10-07T09:04:39","guid":{"rendered":"https:\/\/www.nadaciazos.sk\/?page_id=439"},"modified":"2024-10-07T11:05:24","modified_gmt":"2024-10-07T09:05:24","slug":"pravidla-poskytovani","status":"publish","type":"page","link":"https:\/\/www.nadaciazos.sk\/index.php\/pravidla-poskytovani\/","title":{"rendered":"\u017diadosti"},"content":{"rendered":"\n<div class=\"wp-block-group nadpis\"><div class=\"wp-block-group__inner-container is-layout-flow wp-block-group-is-layout-flow\">\n<p class=\"has-vivid-red-color has-text-color has-x-large-font-size\"><strong>\u017diadosti<\/strong><\/p>\n<\/div><\/div>\n\n\n\n<div class=\"wp-block-group clanky\"><div class=\"wp-block-group__inner-container is-layout-flow wp-block-group-is-layout-flow\">\n<p><\/p>\n\n\n\n<div class=\"wp-block-group filesToDw\"><div class=\"wp-block-group__inner-container is-layout-flow wp-block-group-is-layout-flow\">\n<div id=\"formular\" class=\"wp-block-file\"><a id=\"wp-block-file--media-30ce2b6f-9664-4097-9fa7-3631a172c7dd\" href=\"https:\/\/www.nadaciazos.sk\/wp-content\/uploads\/2022\/08\/Nada\u0301cia-ZOS-ziadost\u030c-F.O..docx\">Nada\u0301cia-ZOS-ziadost\u030c-F.O.<\/a><a href=\"https:\/\/www.nadaciazos.sk\/wp-content\/uploads\/2022\/08\/Nada\u0301cia-ZOS-ziadost\u030c-F.O..docx\" class=\"wp-block-file__button\" download aria-describedby=\"wp-block-file--media-30ce2b6f-9664-4097-9fa7-3631a172c7dd\">Stiahnu\u0165<\/a><\/div>\n\n\n\n<div class=\"wp-block-file\"><a id=\"wp-block-file--media-231f6640-7058-4270-9abd-af74884c2733\" href=\"https:\/\/www.nadaciazos.sk\/wp-content\/uploads\/2022\/02\/Nada\u0301cia-Z\u030cOS-z\u030ciadost\u030c-P.O.-2.docx\">Nada\u0301cia \u017dOS &#8211; \u017eiados\u0165 P.O.<\/a><a href=\"https:\/\/www.nadaciazos.sk\/wp-content\/uploads\/2022\/02\/Nada\u0301cia-Z\u030cOS-z\u030ciadost\u030c-P.O.-2.docx\" class=\"wp-block-file__button\" download aria-describedby=\"wp-block-file--media-231f6640-7058-4270-9abd-af74884c2733\">Stiahnu\u0165<\/a><\/div>\n<\/div><\/div>\n<\/div><\/div>\n\n\n\n<p><\/p>\n","protected":false},"excerpt":{"rendered":"<p>\u017diadosti<\/p>\n","protected":false},"author":1,"featured_media":0,"parent":0,"menu_order":0,"comment_status":"closed","ping_status":"closed","template":"","meta":{"footnotes":""},"class_list":["post-439","page","type-page","status-publish","hentry"],"_links":{"self":[{"href":"https:\/\/www.nadaciazos.sk\/index.php\/wp-json\/wp\/v2\/pages\/439","targetHints":{"allow":["GET"]}}],"collection":[{"href":"https:\/\/www.nadaciazos.sk\/index.php\/wp-json\/wp\/v2\/pages"}],"about":[{"href":"https:\/\/www.nadaciazos.sk\/index.php\/wp-json\/wp\/v2\/types\/page"}],"author":[{"embeddable":true,"href":"https:\/\/www.nadaciazos.sk\/index.php\/wp-json\/wp\/v2\/users\/1"}],"replies":[{"embeddable":true,"href":"https:\/\/www.nadaciazos.sk\/index.php\/wp-json\/wp\/v2\/comments?post=439"}],"version-history":[{"count":3,"href":"https:\/\/www.nadaciazos.sk\/index.php\/wp-json\/wp\/v2\/pages\/439\/revisions"}],"predecessor-version":[{"id":446,"href":"https:\/\/www.nadaciazos.sk\/index.php\/wp-json\/wp\/v2\/pages\/439\/revisions\/446"}],"wp:attachment":[{"href":"https:\/\/www.nadaciazos.sk\/index.php\/wp-json\/wp\/v2\/media?parent=439"}],"curies":[{"name":"wp","href":"https:\/\/api.w.org\/{rel}","templated":true}]}}