{"id":203,"date":"2022-02-08T14:50:17","date_gmt":"2022-02-08T13:50:17","guid":{"rendered":"http:\/\/nadaciazos.sk\/?page_id=203"},"modified":"2022-02-18T15:42:01","modified_gmt":"2022-02-18T14:42:01","slug":"o-nadacii","status":"publish","type":"page","link":"https:\/\/www.nadaciazos.sk\/index.php\/o-nadacii\/","title":{"rendered":"o nadacii"},"content":{"rendered":"\n<div class=\"wp-block-group blockPage\"><div class=\"wp-block-group__inner-container is-layout-flow wp-block-group-is-layout-flow\">\n<div class=\"wp-block-group nadpis\"><div class=\"wp-block-group__inner-container is-layout-flow wp-block-group-is-layout-flow\">\n<p class=\"has-vivid-red-color has-text-color has-x-large-font-size\"><strong>Kto sme<\/strong><\/p>\n\n\n\n<p class=\"onadacii\" id=\"onadacii\"><strong>NAD\u00c1CIA \u017dOS<\/strong> je neziskov\u00e1 organiz\u00e1cia,  ktorej hlavn\u00fdm cie\u013eom je podpora humanit\u00e1rnych aktiv\u00edt. Poslan\u00edm NAD\u00c1CIE \u017dOS je pom\u00e1ha\u0165 najm\u00e4 zamestnancom a spolupracuj\u00facim osob\u00e1m v \u0165a\u017ek\u00fdch \u017eivotn\u00fdch situ\u00e1ci\u00e1ch a tie\u017e podporova\u0165 verejnoprospe\u0161n\u00e9 aktivity najm\u00e4 v oblasti zdravia, vzdel\u00e1vania, \u0161portu a umenia.<\/p>\n<\/div><\/div>\n\n\n\n<div class=\"wp-block-group clanky\"><div class=\"wp-block-group__inner-container is-layout-flow wp-block-group-is-layout-flow\">\n<p><strong>\u00da\u010delom NAD\u00c1CIE \u017dOS je najm\u00e4:<\/strong><\/p>\n\n\n\n<ul class=\"wp-block-list\"><li>podporova\u0165 rozvoj a ochrana \u013eudsk\u00fdch pr\u00e1v a in\u00fdch humanitn\u00fdch cie\u013eov, predov\u0161etk\u00fdm formou podpory humanit\u00e1rnych aktiv\u00edt a projektov pr\u00e1vnick\u00fdch a fyzick\u00fdch os\u00f4b, ktor\u00e9 sleduj\u00fa v\u0161eobecn\u00e9 prospe\u0161n\u00e9 ciele, najm\u00e4 so zameran\u00edm na podporu projektov a aktiv\u00edt soci\u00e1lneho charakteru<\/li><li>podporova\u0165 ochranu zdravia<\/li><li>podporova\u0165 plnenie individu\u00e1lne ur\u010denej humanitnej pomoci pre jednotlivca alebo skupinu os\u00f4b, ktor\u00e9 sa ocitli v hmotnej n\u00fadzi alebo potrebuj\u00fa naliehav\u00fa pomoc pri postihnut\u00ed \u017eivelnou pohromou<\/li><li>podporova\u0165 ochranu \u017eivotn\u00e9ho prostredia a ochranu zdravia<\/li><li>podpora cestovn\u00e9ho ruchu a skvalitnenia \u017eivotn\u00fdch podmienok obyvate\u013estva, v\u0161eobecn\u00fd rozvoj okresu Trnava<\/li><li>rozvoj kult\u00fary, vr\u00e1tane v\u00fdstav, koncertov a in\u00fdch spolo\u010densk\u00fdch podujat\u00ed a podpora duchovn\u00fdch hodn\u00f4t<\/li><li>aktivity zameran\u00fdch na zvy\u0161ovanie vedomostnej \u00farovne cie\u013eov\u00fdch skup\u00edn a to najm\u00e4 prostredn\u00edctvom poradensk\u00fdch, publika\u010dn\u00fdch, v\u00fdchovn\u00fdch, kult\u00farno \u2013 spolo\u010densk\u00fdch aktiv\u00edt<\/li><li>podpora v\u0161estrann\u00e9ho rozvoja \u00farovne obyvate\u013estva, najm\u00e4 schopnost\u00ed talentovan\u00fdch \u013eud\u00ed z oblasti \u0161portu, kult\u00fary i ostatn\u00fdch sf\u00e9r \u017eivota<\/li><li>podpora informa\u010dnej a publika\u010dnej \u010dinnosti v masovokomunika\u010dn\u00fdch prostriedkoch, t\u00fdkaj\u00faca sa zachovania duchovn\u00fdch hodn\u00f4t a kult\u00farneho dedi\u010dstva<\/li><li>podpora rozvoja vedy a vzdelania<\/li><li>podpora zdravotn\u00fdch, soci\u00e1lnych a dobro\u010dinn\u00fdch akci\u00ed<\/li><li>podpora organizovania a realizovania kult\u00farnych, \u0161portov\u00fdch a spolo\u010densk\u00fdch programov a podujat\u00ed;<\/li><li>podpora a vyv\u00edjanie osvetovej a eduka\u010dnej \u010dinnosti<\/li><li>spolupr\u00e1ca s in\u00fdmi osobami s podobn\u00fdm verejnoprospe\u0161n\u00fdm \u00fa\u010delom<\/li><\/ul>\n<\/div><\/div>\n<\/div><\/div>\n\n\n\n<p><\/p>\n","protected":false},"excerpt":{"rendered":"<p>Kto sme NAD\u00c1CIA \u017dOS je neziskov\u00e1 organiz\u00e1cia, ktorej hlavn\u00fdm cie\u013eom je podpora humanit\u00e1rnych aktiv\u00edt. Poslan\u00edm NAD\u00c1CIE \u017dOS je pom\u00e1ha\u0165 najm\u00e4 [&hellip;]<\/p>\n","protected":false},"author":1,"featured_media":0,"parent":0,"menu_order":0,"comment_status":"closed","ping_status":"closed","template":"","meta":{"footnotes":""},"class_list":["post-203","page","type-page","status-publish","hentry"],"_links":{"self":[{"href":"https:\/\/www.nadaciazos.sk\/index.php\/wp-json\/wp\/v2\/pages\/203","targetHints":{"allow":["GET"]}}],"collection":[{"href":"https:\/\/www.nadaciazos.sk\/index.php\/wp-json\/wp\/v2\/pages"}],"about":[{"href":"https:\/\/www.nadaciazos.sk\/index.php\/wp-json\/wp\/v2\/types\/page"}],"author":[{"embeddable":true,"href":"https:\/\/www.nadaciazos.sk\/index.php\/wp-json\/wp\/v2\/users\/1"}],"replies":[{"embeddable":true,"href":"https:\/\/www.nadaciazos.sk\/index.php\/wp-json\/wp\/v2\/comments?post=203"}],"version-history":[{"count":13,"href":"https:\/\/www.nadaciazos.sk\/index.php\/wp-json\/wp\/v2\/pages\/203\/revisions"}],"predecessor-version":[{"id":392,"href":"https:\/\/www.nadaciazos.sk\/index.php\/wp-json\/wp\/v2\/pages\/203\/revisions\/392"}],"wp:attachment":[{"href":"https:\/\/www.nadaciazos.sk\/index.php\/wp-json\/wp\/v2\/media?parent=203"}],"curies":[{"name":"wp","href":"https:\/\/api.w.org\/{rel}","templated":true}]}}